m + 3. Suppose -y - 2 = 3*t, 0*t + 16 = 2*y - 4*t. Give o(y).
-9
Let f = 25 + -23. Let k be (-4)/(-6)*-6 + f. Let g(y) = 3*y + 2. Calculate g(k).
-4
Let p(a) = -9*a**2 - 79*a + 18. Let l be p(-9). Let f(z) = z**2 + 2*z - 1. Give f(l).
-1
Let c(n) = -14 + 2*n - 7*n**2 - 2 + 9*n**2 - n**2. Let x be c(-5). Let j(d) = -7*d - 1. What is j(x)?
6
Let q be (-4 + 3)/((-4)/8). Let v(z) = -2*z**2 - 7*z + 3*z**q + 3 - 2 + 0*z**2. What is v(6)?
-5
Let m(c) = 2*c**3 - 30*c**2 + 27*c + 15. Let o be m(14). Let j(d) = -3*d - 4*d**3 - 2*d**3 + 2*d + 1 + d**2. What is j(o)?
-5
Let w(o) be the third derivative of -o**6/360 - o**4/3 + o**3/2 + 4*o**2. Let z(d) be the first derivative of w(d). Suppose -10*x = -5*x. Give z(x).
-8
Let w(c) = c**2 + c + 19. Let h = -24 - -24. Give w(h).
19
Let u(x) = -x**3 + 2*x - 1. Let g(k) = 4*k - 4. Let t be g(2). Let m(f) = f**2 - 14. Let z be m(t). Determine u(z).
-5
Let k(w) = -2*w**3 - 2*w**2 - 7. Let h be 2/(-4)*15*26/(-39). Let r(p) = -3*p**3 - 3*p**2 - 11. Let b(m) = h*r(m) - 8*k(m). Let q = -2 - -2. Calculate b(q).
1
Let f(h) = h**2 + 5*h + 5. Suppose -275*c + 25 = -280*c. Determine f(c).
5
Let c(q) be the third derivative of q**6/120 - 2*q**5/15 + 7*q**4/24 - 3*q**3/2 + 8*q**2. Let d(v) = v**3 + 9*v**2 + 6*v - 9. Let w be d(-8). Calculate c(w).
-9
Let y(d) = 3 - 7 - d**2 + 10 + 3 + 8*d. Give y(9).
0
Let s(j) = 3*j**3 + 3*j**2 + 3*j. Let r = 10 + -5. Suppose 0 = -4*b + 3*v - 20, 2*v + 2*v = r*b + 26. What is s(b)?
-18
Suppose 28*j - 119 - 161 = 0. Let u(r) = -r**2 + 10*r - 4. Calculate u(j).
-4
Suppose 0 = 5*w + o - 63, -3*w - o + 35 = o. Suppose 0 = 5*b - 4*r, 2*b + 4*r - 3*r + w = 0. Let x = b - 3. Let m(y) = y**3 + 8*y**2 + 6*y + 4. Determine m(x).
11
Let m(o) = 4*o - 124. Let p(g) = -24*g + 373. Let a(h) = 7*m(h) + 2*p(h). Calculate a(-6).
-2
Let o(u) = -u - 4. Suppose -3*n + 7*n - 152 = 4*q, 0 = 5*n + 25. Let b = 39 + q. Calculate o(b).
0
Let f = -29 + 22. Let m(u) = -u**3 - 6*u**2 + 5*u - 13. Let a be m(f). Let d(o) = 7*o**2 - o. Give d(a).
6
Let f be 2/(6/(-15) + 0). Let d(u) be the first derivative of u - 10. Let s(g) = 2*g**2 + 6*g - 11. Let i(o) = -6*d(o) - s(o). Calculate i(f).
-15
Let c(u) be the first derivative of 5*u**2 + 164. Calculate c(1).
10
Let w = -29 - -51. Let k = w + -24. Let r(h) = -25 + 26 + 3*h - h**2 + 5*h**2. Give r(k).
11
Let r(b) = b**2 + 5. Let y(l) = 1. Let j(q) = q**2 - 2*q - 2. Suppose 5*i - i = -u + 19, 8 = 2*i. Let f be j(u). Let a(h) = f*r(h) - 4*y(h). Give a(3).
10
Suppose 2*m - u - 5 = 0, 2*u = -2*m + 21 - 1. Let g(x) = -6*x - x + 0*x**2 - 96 + 98 + x**2. Determine g(m).
-8
Suppose 0 = 4*f - 2*n - 26, 0*f - 5*n = 4*f - 47. Let m(p) = f + p + 7 - 1 - 2*p + p**3. Determine m(0).
14
Let g(p) = -p**3 + 2*p**2. Suppose 0 = 2*z + 7 - 3. Let r be 45/5 - z/(-1). Let i = r - 4. Give g(i).
-9
Let n be 2/(630/144 + (-9)/24). Let j(z) be the third derivative of 0*z - 1/120*z**6 - 1/10*z**5 - 1/4*z**4 - 7*z**2 + 0 - n*z**3. What is j(-5)?
2
Let k(p) = 10*p - 43. Let l(c) = -5*c + 17. Let n(m) = -2*k(m) - 5*l(m). Give n(9).
46
Let g(n) = 5*n**2 + 3*n - 2*n - n**3 - 2*n - 5. Let w = -91 + 116. Suppose 0*d + w = 5*d. Calculate g(d).
-10
Let b(y) = -y**2 + 2*y + 2. Let a = -67 - -70. Give b(a).
-1
Let z be 2/(-1)*6/(-4). Let h(y) = -y**2 + 4*y**3 + 5*y - 14*y**3 + 11*y**3 + 2 - 3*y**2. Let d be h(z). Let a(x) = -x + 10. Calculate a(d).
2
Let i(q) = q**3 - 6*q**2 - 8*q + 8. Let h = -144 - -151. Determine i(h).
1
Suppose 0 = 4*k - 4*m - 32, k + 2*m - 8 = -m. Let g = 17 - 16. Let f(l) = -k - 4 + 2 + g - 2*l. Calculate f(-6).
3
Let u = 32 - 30. Suppose -5*y - 15 = 4*j, -4*y + j = -u*j - 19. Let m(r) = 8*r**3 - r**2. Calculate m(y).
7
Let t(r) = -r**2 + 13*r + 36. Let x be t(15). Let f(z) = z - 5. What is f(x)?
1
Let m(h) = 5. Let g(i) = -i - 6. Let x(y) = 5*g(y) + 6*m(y). Suppose -5 = -3*r - 14. Determine x(r).
15
Let a(m) be the second derivative of -m**4/4 + 2*m**3/3 - m**2 - 4*m. Let i = -88 - -90. Calculate a(i).
-6
Let o(r) = -18 - 729*r**3 + 363*r**3 + 365*r**3 + r**2. Suppose 3*q = -3*h + 3, 5*h - 4*q = -1 - 3. What is o(h)?
-18
Let t(c) be the first derivative of 7*c + 8 + 0*c**2 - 1/3*c**3. Let w be t(0). Let a(j) = j**2 - 7*j - 6. What is a(w)?
-6
Let h(m) = -m**2 + 7*m + 3. Let b(f) = f**2 - 10*f + 9. Let d be b(9). Suppose 4*c - 6 - 22 = d. What is h(c)?
3
Let o(b) = b**3 - b**2 + 4. Suppose z + 19 = n - 2*n, 4*z = 5*n - 67. Let j = -18 - z. Calculate o(j).
4
Let z(c) = -6*c**2 - 2*c - 2. Let y(i) = -i**3 - 15*i**2 + 12*i + 179. Let g be y(-15). Calculate z(g).
-6
Let h(f) = -f**2 + 19*f + 6. Let w be h(18). Suppose 3*j + 4 = k, -2*j = -k - 6*j - w. Let m(q) = -q**3 - 9*q**2 - 8*q + 8. What is m(k)?
8
Suppose 30 = 2*o - 7*o. Let i(w) = w**2 + 3*w - 3. Calculate i(o).
15
Let u = 9 - 11. Let f = 0 + -1. Let t(c) = -3*c**2 - 6*c - 5. Let p(v) = v**2 + 1. Let b(r) = f*t(r) + u*p(r). Calculate b(-2).
-5
Let i(a) = -a - 1 + 7 + 1 + 0. Suppose -4 = -3*l - 4*k, l + 0*l = -k + 1. What is i(l)?
7
Let v(z) = -1293 + 4*z + 1256 - 2*z. Give v(12).
-13
Suppose 2*b + 5*a = a - 34, 5*a = 4*b + 29. Let v(j) = j**2 + 10*j - 9. What is v(b)?
2
Let f(m) = -25*m**2 + 39*m**2 - 25*m**2. Determine f(1).
-11
Let k(p) = -6*p + 11*p**3 - 10*p**3 - 36*p**2 + 39*p**2 - 6. Calculate k(-4).
2
Suppose 3*r + 0*r - 14 = 2*m, -5*r - 2 = 3*m. Suppose -2*p - 8 = r*p. Let b(v) = v**3 + 3*v**2 + 2*v + 1. What is b(p)?
1
Suppose -3*k - 5*u + 6*u = 1, 6 = 2*k - 4*u. Let p be (-1)/(-1) + k/((-1)/(-6)). Let v(f) = f**2 + 6*f + 1. Give v(p).
-4
Suppose 2*s = 6*h - h - 6, 12 = -h - 4*s. Let k = h + 1. Let r(m) = 20*m - 1. What is r(k)?
19
Let a(l) = 2*l**2 + 14*l + 8. Let i = -40 - -34. Determine a(i).
-4
Suppose -88 = 3*p - m - 237, 4*p + 5*m = 167. Let o(y) = -47 - y + p + 0*y. Calculate o(7).
-6
Let l = -100 + 107. Let t(b) = 2*b - 20. What is t(l)?
-6
Let k(g) = -25*g**2 + 3*g + 2. Let j(s) = -s**3 + s**2 - 38*s + 37. Let p be j(1). Determine k(p).
-26
Let a(k) be the third derivative of -k**7/5040 + k**6/240 - 19*k**5/30 + 22*k**2. Let q(m) be the third derivative of a(m). Calculate q(4).
-1
Let d(p) = p**2 + 4 + 1 - 2*p - 4*p. Suppose 42 = 5*g + 4*q, -5*q - 45 = -5*g - 10*q. Determine d(g).
5
Let n(x) be the third derivative of 2/3*x**3 - 29*x**2 + 1/60*x**5 + 0 + 0*x - 11/24*x**4. Determine n(7).
-24
Let r(q) = 2811 - 1413 - 1404 - q. Calculate r(-2).
-4
Let s be (2/3)/((-2)/(-6)). Let r(f) = 6*f**2 - 5*f - 1. Let b be (3/2)/(21/(-98)). Let g(l) = 4*l**2 - 3*l - 1. Let z(x) = b*g(x) + 5*r(x). What is z(s)?
2
Let s(m) = m**3 + 4*m**2 + 2*m + 3. Let n be (3/(-3))/((-3)/21). Suppose -18 = 5*o - 2*r, n = 2*o - 5*o + 5*r. Give s(o).
-5
Let k be 11/((9/(-3))/3). Let x be 240/132 + (-2)/k. Let f(z) = -x*z - 5 + 4 + z. Calculate f(-4).
3
Let b(d) = -21*d**2 - 15*d - 5*d + 11 - 8*d**2 - 3*d**3. Let c(u) = -u**3 - 10*u**2 - 7*u + 4. Let q(y) = 6*b(y) - 17*c(y). What is q(-3)?
-8
Let f(v) be the second derivative of -v**3/3 - 2*v - 149. Give f(-5).
10
Suppose -j + 6 = m, 4*j + 3*m - 3 = 23. Let u(y) = 20 - 13 - 12 + 2*y. Give u(j).
11
Let i = -1 + 2. Let n(p) be the second derivative of 7*p**3/6 - p**2/2 - 5772*p. Determine n(i).
6
Let a(m) = -16*m**3 - 5*m**2 + 100*m + 10. Let d(p) = -9*p**3 - 2*p**2 + 57*p + 5. Let k(l) = -4*a(l) + 7*d(l). Suppose 0 = -4*t - 34 + 10. Calculate k(t).
1
Suppose 7*i = -8 + 29. Let f be (-1 - i)/(4 + -5). Let a(d) = 2*d - 3. What is a(f)?
5
Let o(m) = -97*m + 2 - 3 + 96*m. Let u(d) = d**2 - 12*d + 10. Let k(a) = 2*o(a) - u(a). Let q = 20 + -12. Give k(q).
4
Let q(w) = w**2 - 7*w + 2. Suppose -3*f + 7*f = -5*o + 48, -4 = -2*f. What is q(o)?
10
Let j(z) be the third derivative of 5*z**4/24 - 5*z**3/6 - 64*z**2. Determine j(4).
15
Let h(n) be the first derivative of n**4/4 + 4*n**3/3 + n**2/2 + n + 54. Give h(-4).
-3
Let o(r) = -16*r**2 - r + 2. Let y(v) = -8*v**2 - v + 1. Let k(l) = -3*o(l) + 5*y(l). Determine k(2).
27
Let q(f) = f**3 - f + 1. Let l(y) = -4*y**3 + 3*y**2 + y + 1. Let t(o) = -l(o) - 3*q(o). Suppose -15*c - 28 + 73 = 0. Give t(c).
2
Let z(g) = 26*g - 1. Let r(b) = b**3 + 7*b**2 - b + 55. Let i be r(-8). Determine z(i).
-27
Suppose -3*l = 2 - 11. Let a(q) = 3 - 2*q**2 + l - 7 - 2*q. Give a(2).
-13
Suppose 3*v = 5*x - 42, -3*x - v = 3*v - 31. Let t(k) = 136*k - 1 - 253*k + 118*k - 2. Calculat